[INFO] fetching crate apollo-router 1.19.1...
[INFO] checking apollo-router-1.19.1 against master#e6e4f7ed1589e03bc2f6c5931c1a72e7947e8682 for beta-170-4
[INFO] extracting crate apollo-router 1.19.1 into /workspace/builds/worker-5-tc2/source
[INFO] validating manifest of crates.io crate apollo-router 1.19.1 on toolchain e6e4f7ed1589e03bc2f6c5931c1a72e7947e8682
[INFO] running `Command { std: CARGO_HOME="/workspace/cargo-home" RUSTUP_HOME="/workspace/rustup-home" "/workspace/cargo-home/bin/cargo" "+e6e4f7ed1589e03bc2f6c5931c1a72e7947e8682" "metadata" "--manifest-path" "Cargo.toml" "--no-deps", kill_on_drop: false }`
[INFO] started tweaking crates.io crate apollo-router 1.19.1
[INFO] removed 0 missing tests
[INFO] finished tweaking crates.io crate apollo-router 1.19.1
[INFO] tweaked toml for crates.io crate apollo-router 1.19.1 written to /workspace/builds/worker-5-tc2/source/Cargo.toml
[INFO] crate crates.io crate apollo-router 1.19.1 already has a lockfile, it will not be regenerated
[INFO] running `Command { std: CARGO_HOME="/workspace/cargo-home" RUSTUP_HOME="/workspace/rustup-home" "/workspace/cargo-home/bin/cargo" "+e6e4f7ed1589e03bc2f6c5931c1a72e7947e8682" "fetch" "--manifest-path" "Cargo.toml", kill_on_drop: false }`
[INFO] [stderr] warning: version requirement `0.2.5+v2.4.6` for dependency `router-bridge` includes semver metadata which will be ignored, removing the metadata is recommended to avoid confusion
[INFO] running `Command { std: "docker" "create" "-v" "/var/lib/crater-agent-workspace/builds/worker-5-tc2/target:/opt/rustwide/target:rw,Z" "-v" "/var/lib/crater-agent-workspace/builds/worker-5-tc2/source:/opt/rustwide/workdir:ro,Z" "-v" "/var/lib/crater-agent-workspace/cargo-home:/opt/rustwide/cargo-home:ro,Z" "-v" "/var/lib/crater-agent-workspace/rustup-home:/opt/rustwide/rustup-home:ro,Z" "-e" "SOURCE_DIR=/opt/rustwide/workdir" "-e" "CARGO_TARGET_DIR=/opt/rustwide/target" "-e" "CARGO_HOME=/opt/rustwide/cargo-home" "-e" "RUSTUP_HOME=/opt/rustwide/rustup-home" "-w" "/opt/rustwide/workdir" "-m" "1610612736" "--user" "0:0" "--network" "none" "ghcr.io/rust-lang/crates-build-env/linux@sha256:19e73879b68f455e41552ea35293514db52ea292d993f571636dbffedb77a1ee" "/opt/rustwide/cargo-home/bin/cargo" "+e6e4f7ed1589e03bc2f6c5931c1a72e7947e8682" "metadata" "--no-deps" "--format-version=1", kill_on_drop: false }`
[INFO] [stdout] 3c16bbf319e1b09a29dd888e35ec4e330d99ce9637ac9e0d06600338a797f91b
[INFO] running `Command { std: "docker" "start" "-a" "3c16bbf319e1b09a29dd888e35ec4e330d99ce9637ac9e0d06600338a797f91b", kill_on_drop: false }`
[INFO] running `Command { std: "docker" "inspect" "3c16bbf319e1b09a29dd888e35ec4e330d99ce9637ac9e0d06600338a797f91b", kill_on_drop: false }`
[INFO] running `Command { std: "docker" "rm" "-f" "3c16bbf319e1b09a29dd888e35ec4e330d99ce9637ac9e0d06600338a797f91b", kill_on_drop: false }`
[INFO] [stdout] 3c16bbf319e1b09a29dd888e35ec4e330d99ce9637ac9e0d06600338a797f91b
[INFO] running `Command { std: "docker" "create" "-v" "/var/lib/crater-agent-workspace/builds/worker-5-tc2/target:/opt/rustwide/target:rw,Z" "-v" "/var/lib/crater-agent-workspace/builds/worker-5-tc2/source:/opt/rustwide/workdir:ro,Z" "-v" "/var/lib/crater-agent-workspace/cargo-home:/opt/rustwide/cargo-home:ro,Z" "-v" "/var/lib/crater-agent-workspace/rustup-home:/opt/rustwide/rustup-home:ro,Z" "-e" "SOURCE_DIR=/opt/rustwide/workdir" "-e" "CARGO_TARGET_DIR=/opt/rustwide/target" "-e" "CARGO_INCREMENTAL=0" "-e" "RUST_BACKTRACE=full" "-e" "RUSTFLAGS=--cap-lints=forbid" "-e" "RUSTDOCFLAGS=--cap-lints=forbid" "-e" "CARGO_HOME=/opt/rustwide/cargo-home" "-e" "RUSTUP_HOME=/opt/rustwide/rustup-home" "-w" "/opt/rustwide/workdir" "-m" "1610612736" "--user" "0:0" "--network" "none" "ghcr.io/rust-lang/crates-build-env/linux@sha256:19e73879b68f455e41552ea35293514db52ea292d993f571636dbffedb77a1ee" "/opt/rustwide/cargo-home/bin/cargo" "+e6e4f7ed1589e03bc2f6c5931c1a72e7947e8682" "check" "--frozen" "--all" "--all-targets" "--message-format=json", kill_on_drop: false }`
[INFO] [stdout] 15ec7b5225b28d6412493bbf28948c877ba74adc2595b9c34882277b0b5af830
[INFO] running `Command { std: "docker" "start" "-a" "15ec7b5225b28d6412493bbf28948c877ba74adc2595b9c34882277b0b5af830", kill_on_drop: false }`
[INFO] [stderr] warning: version requirement `0.2.5+v2.4.6` for dependency `router-bridge` includes semver metadata which will be ignored, removing the metadata is recommended to avoid confusion
[INFO] [stderr]    Compiling libc v0.2.144
[INFO] [stderr]    Compiling proc-macro2 v1.0.59
[INFO] [stderr]    Compiling quote v1.0.28
[INFO] [stderr]    Compiling unicode-ident v1.0.9
[INFO] [stderr]    Compiling version_check v0.9.4
[INFO] [stderr]    Compiling autocfg v1.1.0
[INFO] [stderr]     Checking cfg-if v1.0.0
[INFO] [stderr]    Compiling serde v1.0.163
[INFO] [stderr]    Compiling memchr v2.5.0
[INFO] [stderr]     Checking once_cell v1.17.1
[INFO] [stderr]    Compiling log v0.4.17
[INFO] [stderr]    Compiling typenum v1.16.0
[INFO] [stderr]    Compiling syn v1.0.109
[INFO] [stderr]    Compiling futures-core v0.3.28
[INFO] [stderr]    Compiling libm v0.2.7
[INFO] [stderr]    Compiling parking_lot_core v0.9.7
[INFO] [stderr]     Checking pin-project-lite v0.2.9
[INFO] [stderr]     Checking bytes v1.4.0
[INFO] [stderr]    Compiling futures-channel v0.3.28
[INFO] [stderr]    Compiling futures-task v0.3.28
[INFO] [stderr]    Compiling thiserror v1.0.40
[INFO] [stderr]    Compiling futures-util v0.3.28
[INFO] [stderr]    Compiling ahash v0.7.6
[INFO] [stderr]    Compiling generic-array v0.14.7
[INFO] [stderr]     Checking scopeguard v1.1.0
[INFO] [stderr]    Compiling indexmap v1.9.3
[INFO] [stderr]    Compiling lock_api v0.4.9
[INFO] [stderr]    Compiling slab v0.4.8
[INFO] [stderr]    Compiling num-traits v0.2.15
[INFO] [stderr]    Compiling tokio v1.28.1
[INFO] [stderr]     Checking itoa v1.0.6
[INFO] [stderr]    Compiling serde_json v1.0.96
[INFO] [stderr]     Checking futures-sink v0.3.28
[INFO] [stderr]     Checking futures-io v0.3.28
[INFO] [stderr]     Checking spin v0.5.2
[INFO] [stderr]    Compiling either v1.8.1
[INFO] [stderr]     Checking pin-utils v0.1.0
[INFO] [stderr]     Checking subtle v2.5.0
[INFO] [stderr]     Checking ppv-lite86 v0.2.17
[INFO] [stderr]     Checking tracing-core v0.1.31
[INFO] [stderr]     Checking ryu v1.0.13
[INFO] [stderr]     Checking percent-encoding v2.2.0
[INFO] [stderr]    Compiling anyhow v1.0.71
[INFO] [stderr]    Compiling regex-syntax v0.7.2
[INFO] [stderr]    Compiling num-integer v0.1.45
[INFO] [stderr]    Compiling syn v2.0.17
[INFO] [stderr]    Compiling aho-corasick v1.0.1
[INFO] [stderr]     Checking const-oid v0.9.2
[INFO] [stderr]     Checking fnv v1.0.7
[INFO] [stderr]     Checking bitflags v1.3.2
[INFO] [stderr]     Checking form_urlencoded v1.1.0
[INFO] [stderr]    Compiling async-trait v0.1.68
[INFO] [stderr]    Compiling num-bigint v0.4.3
[INFO] [stderr]     Checking tinyvec_macros v0.1.1
[INFO] [stderr]     Checking tinyvec v1.6.0
[INFO] [stderr]     Checking http v0.2.9
[INFO] [stderr]     Checking unicode-bidi v0.3.13
[INFO] [stderr]     Checking untrusted v0.7.1
[INFO] [stderr]    Compiling lazy_static v1.4.0
[INFO] [stderr]     Checking cpufeatures v0.2.7
[INFO] [stderr]     Checking getrandom v0.2.9
[INFO] [stderr]     Checking num_cpus v1.15.0
[INFO] [stderr]     Checking mio v0.8.6
[INFO] [stderr]     Checking rand_core v0.6.4
[INFO] [stderr]     Checking socket2 v0.4.9
[INFO] [stderr]     Checking hashbrown v0.12.3
[INFO] [stderr]    Compiling jobserver v0.1.26
[INFO] [stderr]     Checking signal-hook-registry v1.4.1
[INFO] [stderr]     Checking crypto-common v0.1.6
[INFO] [stderr]     Checking rand_chacha v0.3.1
[INFO] [stderr]    Compiling which v4.4.0
[INFO] [stderr]     Checking block-buffer v0.10.4
[INFO] [stderr]     Checking unicode-normalization v0.1.22
[INFO] [stderr]    Compiling fslock v0.1.8
[INFO] [stderr]    Compiling cc v1.0.79
[INFO] [stderr]     Checking digest v0.10.7
[INFO] [stderr]     Checking rand v0.8.5
[INFO] [stderr]    Compiling io-lifetimes v1.0.11
[INFO] [stderr]     Checking tower-service v0.3.2
[INFO] [stderr]    Compiling crossbeam-utils v0.8.15
[INFO] [stderr]    Compiling convert_case v0.4.0
[INFO] [stderr]    Compiling v8 v0.71.2
[INFO] [stderr]    Compiling httparse v1.8.0
[INFO] [stderr]     Checking idna v0.3.0
[INFO] [stderr]    Compiling rustix v0.37.19
[INFO] [stderr]    Compiling toml_datetime v0.6.2
[INFO] [stderr]    Compiling encoding_rs v0.8.31
[INFO] [stderr]    Compiling winnow v0.4.6
[INFO] [stderr]     Checking http-body v0.4.5
[INFO] [stderr]    Compiling crc32fast v1.3.2
[INFO] [stderr]    Compiling wasm-bindgen-shared v0.2.86
[INFO] [stderr]    Compiling regex v1.8.3
[INFO] [stderr]     Checking httpdate v1.0.2
[INFO] [stderr]     Checking try-lock v0.2.4
[INFO] [stderr]     Checking base64ct v1.6.0
[INFO] [stderr]    Compiling getrandom v0.1.16
[INFO] [stderr]     Checking mime v0.3.17
[INFO] [stderr]     Checking want v0.3.0
[INFO] [stderr]    Compiling num-iter v0.1.43
[INFO] [stderr]     Checking base64 v0.21.2
[INFO] [stderr]    Compiling heck v0.4.1
[INFO] [stderr]     Checking pem-rfc7468 v0.6.0
[INFO] [stderr]     Checking byteorder v1.4.3
[INFO] [stderr]    Compiling ring v0.16.20
[INFO] [stderr]    Compiling bumpalo v3.13.0
[INFO] [stderr]    Compiling itertools v0.10.5
[INFO] [stderr]     Checking adler v1.0.2
[INFO] [stderr]    Compiling windows_x86_64_gnu v0.48.0
[INFO] [stderr]    Compiling wasm-bindgen v0.2.86
[INFO] [stderr]    Compiling platforms v3.0.2
[INFO] [stderr]     Checking base64 v0.13.1
[INFO] [stderr]     Checking rustls-pemfile v1.0.2
[INFO] [stderr]    Compiling pmutil v0.5.3
[INFO] [stderr]     Checking openssl-probe v0.1.5
[INFO] [stderr]    Compiling rustls v0.21.1
[INFO] [stderr]    Compiling rustversion v1.0.12
[INFO] [stderr]     Checking rustls-native-certs v0.6.2
[INFO] [stderr]    Compiling wasm-bindgen-backend v0.2.86
[INFO] [stderr]     Checking hmac v0.12.1
[INFO] [stderr]    Compiling block-padding v0.3.3
[INFO] [stderr]    Compiling unicase v2.6.0
[INFO] [stderr]    Compiling pkg-config v0.3.27
[INFO] [stderr]    Compiling inout v0.1.3
[INFO] [stderr]    Compiling curve25519-dalek v4.0.0-rc.2
[INFO] [stderr]     Checking crossbeam-channel v0.5.8
[INFO] [stderr]     Checking ff v0.12.1
[INFO] [stderr]    Compiling if_chain v1.0.2
[INFO] [stderr]     Checking base16ct v0.1.1
[INFO] [stderr]    Compiling data-encoding v2.4.0
[INFO] [stderr]    Compiling unicode-id v0.3.3
[INFO] [stderr]     Checking regex-syntax v0.6.29
[INFO] [stderr]    Compiling num-bigint-dig v0.8.2
[INFO] [stderr]    Compiling prettyplease v0.1.25
[INFO] [stderr]    Compiling linux-raw-sys v0.3.8
[INFO] [stderr]     Checking group v0.12.1
[INFO] [stderr]    Compiling wasm-bindgen-macro-support v0.2.86
[INFO] [stderr]    Compiling cipher v0.4.4
[INFO] [stderr]     Checking hkdf v0.12.3
[INFO] [stderr]     Checking miniz_oxide v0.5.4
[INFO] [stderr]    Compiling sha2 v0.10.6
[INFO] [stderr]     Checking tower-layer v0.3.2
[INFO] [stderr]    Compiling fastrand v1.9.0
[INFO] [stderr]    Compiling fixedbitset v0.4.2
[INFO] [stderr]     Checking flate2 v1.0.24
[INFO] [stderr]    Compiling signature v1.6.4
[INFO] [stderr]     Checking sha1 v0.10.5
[INFO] [stderr]    Compiling memoffset v0.8.0
[INFO] [stderr]    Compiling crunchy v0.2.2
[INFO] [stderr]     Checking sct v0.7.0
[INFO] [stderr]     Checking webpki v0.22.0
[INFO] [stderr]     Checking rustls-webpki v0.100.1
[INFO] [stderr]    Compiling mime_guess v2.0.4
[INFO] [stderr]     Checking rand_core v0.5.1
[INFO] [stderr]     Checking webpki-roots v0.22.6
[INFO] [stderr]    Compiling universal-hash v0.5.1
[INFO] [stderr]     Checking minimal-lexical v0.2.1
[INFO] [stderr]     Checking rustc-hash v1.1.0
[INFO] [stderr]    Compiling proc-macro-hack v0.5.20+deprecated
[INFO] [stderr]     Checking ipnet v2.7.2
[INFO] [stderr]    Compiling opaque-debug v0.3.0
[INFO] [stderr]    Compiling unic-char-range v0.9.0
[INFO] [stderr]    Compiling rustls v0.20.8
[INFO] [stderr]    Compiling void v1.0.2
[INFO] [stderr]    Compiling tiny-keccak v2.0.2
[INFO] [stderr]    Compiling unic-common v0.9.0
[INFO] [stderr]    Compiling unreachable v1.0.0
[INFO] [stderr]    Compiling unic-ucd-version v0.9.0
[INFO] [stderr]     Checking nom v7.1.3
[INFO] [stderr]    Compiling unic-char-property v0.9.0
[INFO] [stderr]    Compiling polyval v0.6.0
[INFO] [stderr]    Compiling windows-targets v0.48.0
[INFO] [stderr]    Compiling aes v0.8.2
[INFO] [stderr]    Compiling axum-core v0.3.4
[INFO] [stderr]     Checking hdrhistogram v7.5.2
[INFO] [stderr]     Checking headers-core v0.2.0
[INFO] [stderr]    Compiling generic-array v0.12.4
[INFO] [stderr]     Checking regex-automata v0.1.10
[INFO] [stderr]    Compiling proc-macro-error-attr v1.0.4
[INFO] [stderr]     Checking instant v0.1.12
[INFO] [stderr]    Compiling ascii v0.9.3
[INFO] [stderr]    Compiling vsimd v0.8.0
[INFO] [stderr]     Checking countme v3.0.1
[INFO] [stderr]     Checking text-size v1.1.0
[INFO] [stderr]    Compiling outref v0.5.1
[INFO] [stderr]     Checking rowan v0.15.11
[INFO] [stderr]     Checking headers v0.3.8
[INFO] [stderr]    Compiling digest v0.8.1
[INFO] [stderr]    Compiling combine v3.8.1
[INFO] [stderr]    Compiling derive_more v0.99.17
[INFO] [stderr]    Compiling lazy-regex-proc_macros v2.4.1
[INFO] [stderr]    Compiling serde_derive v1.0.163
[INFO] [stderr]    Compiling thiserror-impl v1.0.40
[INFO] [stderr]    Compiling tokio-macros v2.1.0
[INFO] [stderr]    Compiling futures-macro v0.3.28
[INFO] [stderr]    Compiling zeroize_derive v1.4.2
[INFO] [stderr]    Compiling tracing-attributes v0.1.24
[INFO] [stderr]    Compiling pin-project-internal v1.1.0
[INFO] [stderr]    Compiling prost-derive v0.11.9
[INFO] [stderr]    Compiling lazy-regex v2.5.0
[INFO] [stderr]    Compiling wasm-bindgen-macro v0.2.86
[INFO] [stderr]    Compiling tempfile v3.5.0
[INFO] [stderr]    Compiling async-stream-impl v0.3.5
[INFO] [stderr]    Compiling base64-simd v0.8.0
[INFO] [stderr]     Checking zeroize v1.6.0
[INFO] [stderr]     Checking der v0.6.1
[INFO] [stderr]     Checking crypto-bigint v0.4.9
[INFO] [stderr]     Checking async-stream v0.3.5
[INFO] [stderr]     Checking pin-project v1.1.0
[INFO] [stderr]    Compiling serde_repr v0.1.9
[INFO] [stderr]     Checking spki v0.6.0
[INFO] [stderr]     Checking tracing v0.1.37
[INFO] [stderr]     Checking pkcs8 v0.9.0
[INFO] [stderr]     Checking sec1 v0.3.0
[INFO] [stderr]     Checking rfc6979 v0.3.1
[INFO] [stderr]     Checking elliptic-curve v0.12.3
[INFO] [stderr]    Compiling ghash v0.5.0
[INFO] [stderr]    Compiling pkcs1 v0.4.1
[INFO] [stderr]    Compiling windows-sys v0.48.0
[INFO] [stderr]    Compiling unic-ucd-ident v0.9.0
[INFO] [stderr]    Compiling ctr v0.9.2
[INFO] [stderr]    Compiling axum v0.6.18
[INFO] [stderr]    Compiling zstd-sys v2.0.8+zstd.1.5.5
[INFO] [stderr]    Compiling prost v0.11.9
[INFO] [stderr]    Compiling aead v0.5.2
[INFO] [stderr]    Compiling ecdsa v0.14.8
[INFO] [stderr]    Compiling num-rational v0.4.1
[INFO] [stderr]    Compiling proc-macro-error v1.0.4
[INFO] [stderr]    Compiling time-core v0.1.1
[INFO] [stderr]    Compiling parking_lot_core v0.8.6
[INFO] [stderr]    Compiling prost-types v0.11.9
[INFO] [stderr]     Checking alloc-no-stdlib v2.0.4
[INFO] [stderr]     Checking overload v0.1.1
[INFO] [stderr]    Compiling erased-serde v0.3.25
[INFO] [stderr]     Checking nu-ansi-term v0.46.0
[INFO] [stderr]     Checking alloc-stdlib v0.2.2
[INFO] [stderr]    Compiling const-random-macro v0.1.15
[INFO] [stderr]    Compiling p256 v0.11.1
[INFO] [stderr]    Compiling p384 v0.11.2
[INFO] [stderr]    Compiling time-macros v0.2.9
[INFO] [stderr]    Compiling aes-gcm v0.10.2
[INFO] [stderr]     Checking futures-executor v0.3.28
[INFO] [stderr]    Compiling graphql-parser v0.4.0
[INFO] [stderr]     Checking futures v0.3.28
[INFO] [stderr]     Checking tracing-futures v0.2.5
[INFO] [stderr]    Compiling x25519-dalek v2.0.0-rc.2
[INFO] [stderr]    Compiling curve25519-dalek v2.1.3
[INFO] [stderr]     Checking is-terminal v0.4.7
[INFO] [stderr]     Checking matchers v0.1.0
[INFO] [stderr]    Compiling aes-kw v0.2.1
[INFO] [stderr]    Compiling cbc v0.1.2
[INFO] [stderr]    Compiling unicode-linebreak v0.1.4
[INFO] [stderr]    Compiling backtrace v0.3.67
[INFO] [stderr]     Checking concurrent-queue v2.2.0
[INFO] [stderr]     Checking sharded-slab v0.1.4
[INFO] [stderr]     Checking tracing-log v0.1.3
[INFO] [stderr]    Compiling ahash v0.8.3
[INFO] [stderr]     Checking thread_local v1.1.7
[INFO] [stderr]     Checking event-listener v2.5.3
[INFO] [stderr]    Compiling protobuf v2.28.0
[INFO] [stderr]     Checking gimli v0.27.2
[INFO] [stderr]     Checking sync_wrapper v0.1.2
[INFO] [stderr]    Compiling unicode-segmentation v1.10.1
[INFO] [stderr]    Compiling crc16 v0.4.0
[INFO] [stderr]     Checking quick-error v1.2.3
[INFO] [stderr]     Checking same-file v1.0.6
[INFO] [stderr]     Checking matchit v0.7.0
[INFO] [stderr]    Compiling block-modes v0.9.1
[INFO] [stderr]     Checking unicode-width v0.1.10
[INFO] [stderr]    Compiling paste v1.0.12
[INFO] [stderr]    Compiling walkdir v2.3.3
[INFO] [stderr]     Checking time v0.3.21
[INFO] [stderr]    Compiling heck v0.3.3
[INFO] [stderr]     Checking humantime v1.3.0
[INFO] [stderr]     Checking async-channel v1.8.0
[INFO] [stderr]     Checking const-random v0.1.15
[INFO] [stderr]     Checking brotli-decompressor v2.3.4
[INFO] [stderr]    Compiling ghost v0.1.9
[INFO] [stderr]    Compiling ctor v0.1.26
[INFO] [stderr]     Checking miniz_oxide v0.6.2
[INFO] [stderr]    Compiling tikv-jemalloc-sys v0.5.3+5.3.0-patched
[INFO] [stderr]    Compiling sys-info v0.9.1
[INFO] [stderr] error: could not compile `windows-sys` (lib)
[INFO] [stderr] 
[INFO] [stderr] Caused by:
[INFO] [stderr]   process didn't exit successfully: `/opt/rustwide/rustup-home/toolchains/e6e4f7ed1589e03bc2f6c5931c1a72e7947e8682/bin/rustc --crate-name windows_sys --edition=2018 /opt/rustwide/cargo-home/registry/src/index.crates.io-6f17d22bba15001f/windows-sys-0.48.0/src/lib.rs --error-format=json --json=diagnostic-rendered-ansi,artifacts,future-incompat --crate-type lib --emit=dep-info,metadata,link -C embed-bitcode=no -C debuginfo=0 --cfg 'feature="Win32"' --cfg 'feature="Win32_Foundation"' --cfg 'feature="Win32_Globalization"' --cfg 'feature="Win32_Media"' --cfg 'feature="Win32_NetworkManagement"' --cfg 'feature="Win32_NetworkManagement_IpHelper"' --cfg 'feature="Win32_Networking"' --cfg 'feature="Win32_Networking_WinSock"' --cfg 'feature="Win32_Security"' --cfg 'feature="Win32_Security_Authorization"' --cfg 'feature="Win32_Storage"' --cfg 'feature="Win32_Storage_FileSystem"' --cfg 'feature="Win32_System"' --cfg 'feature="Win32_System_Com"' --cfg 'feature="Win32_System_Console"' --cfg 'feature="Win32_System_Diagnostics"' --cfg 'feature="Win32_System_Diagnostics_Debug"' --cfg 'feature="Win32_System_IO"' --cfg 'feature="Win32_System_Pipes"' --cfg 'feature="Win32_System_SystemServices"' --cfg 'feature="Win32_System_Threading"' --cfg 'feature="Win32_System_WindowsProgramming"' --cfg 'feature="Win32_UI"' --cfg 'feature="Win32_UI_Shell"' --cfg 'feature="default"' -C metadata=8bb9d1c20f761da9 -C extra-filename=-8bb9d1c20f761da9 --out-dir /opt/rustwide/target/debug/deps -L dependency=/opt/rustwide/target/debug/deps --extern windows_targets=/opt/rustwide/target/debug/deps/libwindows_targets-a0d75adc7f155396.rmeta --cap-lints allow --cap-lints=forbid` (signal: 9, SIGKILL: kill)
[INFO] [stderr] warning: build failed, waiting for other jobs to finish...
[INFO] [stderr] error: failed to run custom build command for `v8 v0.71.2`
[INFO] [stderr] note: To improve backtraces for build dependencies, set the CARGO_PROFILE_DEV_BUILD_OVERRIDE_DEBUG=true environment variable to enable debug information generation.
[INFO] [stderr] 
[INFO] [stderr] Caused by:
[INFO] [stderr]   process didn't exit successfully: `/opt/rustwide/target/debug/build/v8-5934f6ce345091d3/build-script-build` (exit status: 101)
[INFO] [stderr]   --- stdout
[INFO] [stderr]   cargo:rerun-if-changed=.gn
[INFO] [stderr]   cargo:rerun-if-changed=BUILD.gn
[INFO] [stderr]   cargo:rerun-if-changed=src/binding.cc
[INFO] [stderr]   cargo:rerun-if-env-changed=CCACHE
[INFO] [stderr]   cargo:rerun-if-env-changed=CLANG_BASE_PATH
[INFO] [stderr]   cargo:rerun-if-env-changed=DENO_TRYBUILD
[INFO] [stderr]   cargo:rerun-if-env-changed=DOCS_RS
[INFO] [stderr]   cargo:rerun-if-env-changed=GN
[INFO] [stderr]   cargo:rerun-if-env-changed=GN_ARGS
[INFO] [stderr]   cargo:rerun-if-env-changed=HOST
[INFO] [stderr]   cargo:rerun-if-env-changed=NINJA
[INFO] [stderr]   cargo:rerun-if-env-changed=OUT_DIR
[INFO] [stderr]   cargo:rerun-if-env-changed=RUSTY_V8_ARCHIVE
[INFO] [stderr]   cargo:rerun-if-env-changed=RUSTY_V8_MIRROR
[INFO] [stderr]   cargo:rerun-if-env-changed=SCCACHE
[INFO] [stderr]   cargo:rerun-if-env-changed=V8_FORCE_DEBUG
[INFO] [stderr]   cargo:rerun-if-env-changed=V8_FROM_SOURCE
[INFO] [stderr]   cargo:rerun-if-env-changed=PYTHON
[INFO] [stderr]   cargo:rerun-if-env-changed=DISABLE_CLANG
[INFO] [stderr]   cargo:rerun-if-env-changed=EXTRA_GN_ARGS
[INFO] [stderr]   cargo:rerun-if-env-changed=NO_PRINT_GN_ARGS
[INFO] [stderr]   cargo:rustc-link-lib=static=rusty_v8
[INFO] [stderr]   download lockfile: "/opt/rustwide/target/debug/build/lib_download.fslock"
[INFO] [stderr]   static lib URL: https://github.com/denoland/rusty_v8/releases/download/v0.71.2/librusty_v8_release_x86_64-unknown-linux-gnu.a
[INFO] [stderr]   cargo:rustc-link-search=/opt/rustwide/target/debug/gn_out/obj
[INFO] [stderr]   Downloading https://github.com/denoland/rusty_v8/releases/download/v0.71.2/librusty_v8_release_x86_64-unknown-linux-gnu.a
[INFO] [stderr]   Downloading https://github.com/denoland/rusty_v8/releases/download/v0.71.2/librusty_v8_release_x86_64-unknown-linux-gnu.a...
[INFO] [stderr]   <urlopen error [Errno -3] Temporary failure in name resolution>
[INFO] [stderr]   Retrying in 5 s ...
[INFO] [stderr]   Downloading https://github.com/denoland/rusty_v8/releases/download/v0.71.2/librusty_v8_release_x86_64-unknown-linux-gnu.a...
[INFO] [stderr]   <urlopen error [Errno -3] Temporary failure in name resolution>
[INFO] [stderr]   Retrying in 10 s ...
[INFO] [stderr]   Downloading https://github.com/denoland/rusty_v8/releases/download/v0.71.2/librusty_v8_release_x86_64-unknown-linux-gnu.a...
[INFO] [stderr]   <urlopen error [Errno -3] Temporary failure in name resolution>
[INFO] [stderr]   Retrying in 20 s ...
[INFO] [stderr]   Downloading https://github.com/denoland/rusty_v8/releases/download/v0.71.2/librusty_v8_release_x86_64-unknown-linux-gnu.a...
[INFO] [stderr]   <urlopen error [Errno -3] Temporary failure in name resolution>
[INFO] [stderr]   Python downloader failed, trying with curl.
[INFO] [stderr] 
[INFO] [stderr]   --- stderr
[INFO] [stderr]   Traceback (most recent call last):
[INFO] [stderr]     File "/usr/lib/python3.10/urllib/request.py", line 1348, in do_open
[INFO] [stderr]       h.request(req.get_method(), req.selector, req.data, headers,
[INFO] [stderr]     File "/usr/lib/python3.10/http/client.py", line 1282, in request
[INFO] [stderr]       self._send_request(method, url, body, headers, encode_chunked)
[INFO] [stderr]     File "/usr/lib/python3.10/http/client.py", line 1328, in _send_request
[INFO] [stderr]       self.endheaders(body, encode_chunked=encode_chunked)
[INFO] [stderr]     File "/usr/lib/python3.10/http/client.py", line 1277, in endheaders
[INFO] [stderr]       self._send_output(message_body, encode_chunked=encode_chunked)
[INFO] [stderr]     File "/usr/lib/python3.10/http/client.py", line 1037, in _send_output
[INFO] [stderr]       self.send(msg)
[INFO] [stderr]     File "/usr/lib/python3.10/http/client.py", line 975, in send
[INFO] [stderr]       self.connect()
[INFO] [stderr]     File "/usr/lib/python3.10/http/client.py", line 1447, in connect
[INFO] [stderr]       super().connect()
[INFO] [stderr]     File "/usr/lib/python3.10/http/client.py", line 941, in connect
[INFO] [stderr]       self.sock = self._create_connection(
[INFO] [stderr]     File "/usr/lib/python3.10/socket.py", line 824, in create_connection
[INFO] [stderr]       for res in getaddrinfo(host, port, 0, SOCK_STREAM):
[INFO] [stderr]     File "/usr/lib/python3.10/socket.py", line 955, in getaddrinfo
[INFO] [stderr]       for res in _socket.getaddrinfo(host, port, family, type, proto, flags):
[INFO] [stderr]   socket.gaierror: [Errno -3] Temporary failure in name resolution
[INFO] [stderr] 
[INFO] [stderr]   During handling of the above exception, another exception occurred:
[INFO] [stderr] 
[INFO] [stderr]   Traceback (most recent call last):
[INFO] [stderr]     File "/opt/rustwide/cargo-home/registry/src/index.crates.io-6f17d22bba15001f/v8-0.71.2/./tools/download_file.py", line 64, in <module>
[INFO] [stderr]       sys.exit(main())
[INFO] [stderr]     File "/opt/rustwide/cargo-home/registry/src/index.crates.io-6f17d22bba15001f/v8-0.71.2/./tools/download_file.py", line 59, in main
[INFO] [stderr]       DownloadUrl(args.url, f)
[INFO] [stderr]     File "/opt/rustwide/cargo-home/registry/src/index.crates.io-6f17d22bba15001f/v8-0.71.2/./tools/download_file.py", line 45, in DownloadUrl
[INFO] [stderr]       raise e
[INFO] [stderr]     File "/opt/rustwide/cargo-home/registry/src/index.crates.io-6f17d22bba15001f/v8-0.71.2/./tools/download_file.py", line 29, in DownloadUrl
[INFO] [stderr]       response = urlopen(url)
[INFO] [stderr]     File "/usr/lib/python3.10/urllib/request.py", line 216, in urlopen
[INFO] [stderr]       return opener.open(url, data, timeout)
[INFO] [stderr]     File "/usr/lib/python3.10/urllib/request.py", line 519, in open
[INFO] [stderr]       response = self._open(req, data)
[INFO] [stderr]     File "/usr/lib/python3.10/urllib/request.py", line 536, in _open
[INFO] [stderr]       result = self._call_chain(self.handle_open, protocol, protocol +
[INFO] [stderr]     File "/usr/lib/python3.10/urllib/request.py", line 496, in _call_chain
[INFO] [stderr]       result = func(*args)
[INFO] [stderr]     File "/usr/lib/python3.10/urllib/request.py", line 1391, in https_open
[INFO] [stderr]       return self.do_open(http.client.HTTPSConnection, req,
[INFO] [stderr]     File "/usr/lib/python3.10/urllib/request.py", line 1351, in do_open
[INFO] [stderr]       raise URLError(err)
[INFO] [stderr]   urllib.error.URLError: <urlopen error [Errno -3] Temporary failure in name resolution>
[INFO] [stderr]   thread 'main' panicked at 'assertion failed: status.success()', /opt/rustwide/cargo-home/registry/src/index.crates.io-6f17d22bba15001f/v8-0.71.2/build.rs:431:3
[INFO] [stderr]   stack backtrace:
[INFO] [stderr]      0:     0x5604f8fedf81 - std::backtrace_rs::backtrace::libunwind::trace::ha9d9de1bf4176bfa
[INFO] [stderr]                                  at /rustc/e6e4f7ed1589e03bc2f6c5931c1a72e7947e8682/library/std/src/../../backtrace/src/backtrace/libunwind.rs:93:5
[INFO] [stderr]      1:     0x5604f8fedf81 - std::backtrace_rs::backtrace::trace_unsynchronized::h165c36ef694ada1c
[INFO] [stderr]                                  at /rustc/e6e4f7ed1589e03bc2f6c5931c1a72e7947e8682/library/std/src/../../backtrace/src/backtrace/mod.rs:66:5
[INFO] [stderr]      2:     0x5604f8fedf81 - std::sys_common::backtrace::_print_fmt::h4d89c7ce1e89b43d
[INFO] [stderr]                                  at /rustc/e6e4f7ed1589e03bc2f6c5931c1a72e7947e8682/library/std/src/sys_common/backtrace.rs:65:5
[INFO] [stderr]      3:     0x5604f8fedf81 - <std::sys_common::backtrace::_print::DisplayBacktrace as core::fmt::Display>::fmt::hfc68e8a2f3b7b37c
[INFO] [stderr]                                  at /rustc/e6e4f7ed1589e03bc2f6c5931c1a72e7947e8682/library/std/src/sys_common/backtrace.rs:44:22
[INFO] [stderr]      4:     0x5604f900e8af - core::fmt::rt::Argument::fmt::hc7dd5538f3de21b7
[INFO] [stderr]                                  at /rustc/e6e4f7ed1589e03bc2f6c5931c1a72e7947e8682/library/core/src/fmt/rt.rs:138:9
[INFO] [stderr]      5:     0x5604f900e8af - core::fmt::write::hac9705ca9b43c249
[INFO] [stderr]                                  at /rustc/e6e4f7ed1589e03bc2f6c5931c1a72e7947e8682/library/core/src/fmt/mod.rs:1094:21
[INFO] [stderr]      6:     0x5604f8feb4a1 - std::io::Write::write_fmt::h7bc9466b47d6774b
[INFO] [stderr]                                  at /rustc/e6e4f7ed1589e03bc2f6c5931c1a72e7947e8682/library/std/src/io/mod.rs:1713:15
[INFO] [stderr]      7:     0x5604f8fedd95 - std::sys_common::backtrace::_print::h03072469d8150f3e
[INFO] [stderr]                                  at /rustc/e6e4f7ed1589e03bc2f6c5931c1a72e7947e8682/library/std/src/sys_common/backtrace.rs:47:5
[INFO] [stderr]      8:     0x5604f8fedd95 - std::sys_common::backtrace::print::hd0f67791f02b87ae
[INFO] [stderr]                                  at /rustc/e6e4f7ed1589e03bc2f6c5931c1a72e7947e8682/library/std/src/sys_common/backtrace.rs:34:9
[INFO] [stderr]      9:     0x5604f8fef2c7 - std::panicking::default_hook::{{closure}}::h7c8ccb2c703d1528
[INFO] [stderr]     10:     0x5604f8fef0b4 - std::panicking::default_hook::h770c31d58b53801e
[INFO] [stderr]                                  at /rustc/e6e4f7ed1589e03bc2f6c5931c1a72e7947e8682/library/std/src/panicking.rs:288:9
[INFO] [stderr]     11:     0x5604f8fef77c - std::panicking::rust_panic_with_hook::hb50e58c42f5187f2
[INFO] [stderr]                                  at /rustc/e6e4f7ed1589e03bc2f6c5931c1a72e7947e8682/library/std/src/panicking.rs:705:13
[INFO] [stderr]     12:     0x5604f8fef631 - std::panicking::begin_panic_handler::{{closure}}::h4d6093b91efbd52e
[INFO] [stderr]                                  at /rustc/e6e4f7ed1589e03bc2f6c5931c1a72e7947e8682/library/std/src/panicking.rs:595:13
[INFO] [stderr]     13:     0x5604f8fee3b6 - std::sys_common::backtrace::__rust_end_short_backtrace::h318963d1ef4510cb
[INFO] [stderr]                                  at /rustc/e6e4f7ed1589e03bc2f6c5931c1a72e7947e8682/library/std/src/sys_common/backtrace.rs:151:18
[INFO] [stderr]     14:     0x5604f8fef3c2 - rust_begin_unwind
[INFO] [stderr]                                  at /rustc/e6e4f7ed1589e03bc2f6c5931c1a72e7947e8682/library/std/src/panicking.rs:593:5
[INFO] [stderr]     15:     0x5604f8fa38d3 - core::panicking::panic_fmt::h6ce9f4b93775846b
[INFO] [stderr]                                  at /rustc/e6e4f7ed1589e03bc2f6c5931c1a72e7947e8682/library/core/src/panicking.rs:67:14
[INFO] [stderr]     16:     0x5604f8fa3963 - core::panicking::panic::h31dab3cee29223ad
[INFO] [stderr]                                  at /rustc/e6e4f7ed1589e03bc2f6c5931c1a72e7947e8682/library/core/src/panicking.rs:117:5
[INFO] [stderr]     17:     0x5604f8fb5420 - build_script_build::download_file::hfc87f8404cea890b
[INFO] [stderr]     18:     0x5604f8fb5bd7 - build_script_build::download_static_lib_binaries::hbd7f01c9ad31f84f
[INFO] [stderr]     19:     0x5604f8fb12a3 - build_script_build::main::h2798a20f30467366
[INFO] [stderr]     20:     0x5604f8fbfec3 - core::ops::function::FnOnce::call_once::h85343547d4b02695
[INFO] [stderr]     21:     0x5604f8faca66 - std::sys_common::backtrace::__rust_begin_short_backtrace::hc21eb3da91b0c4b5
[INFO] [stderr]     22:     0x5604f8facb39 - std::rt::lang_start::{{closure}}::h01cf7edf206cc532
[INFO] [stderr]     23:     0x5604f8fe6f15 - core::ops::function::impls::<impl core::ops::function::FnOnce<A> for &F>::call_once::hb332f02ff9fc81e2
[INFO] [stderr]                                  at /rustc/e6e4f7ed1589e03bc2f6c5931c1a72e7947e8682/library/core/src/ops/function.rs:284:13
[INFO] [stderr]     24:     0x5604f8fe6f15 - std::panicking::try::do_call::hed879afea606d968
[INFO] [stderr]                                  at /rustc/e6e4f7ed1589e03bc2f6c5931c1a72e7947e8682/library/std/src/panicking.rs:500:40
[INFO] [stderr]     25:     0x5604f8fe6f15 - std::panicking::try::h395a878f3e4bd2f0
[INFO] [stderr]                                  at /rustc/e6e4f7ed1589e03bc2f6c5931c1a72e7947e8682/library/std/src/panicking.rs:464:19
[INFO] [stderr]     26:     0x5604f8fe6f15 - std::panic::catch_unwind::hb44b6ea043448d57
[INFO] [stderr]                                  at /rustc/e6e4f7ed1589e03bc2f6c5931c1a72e7947e8682/library/std/src/panic.rs:142:14
[INFO] [stderr]     27:     0x5604f8fe6f15 - std::rt::lang_start_internal::{{closure}}::h6184ba9e5b3e5fbf
[INFO] [stderr]                                  at /rustc/e6e4f7ed1589e03bc2f6c5931c1a72e7947e8682/library/std/src/rt.rs:148:48
[INFO] [stderr]     28:     0x5604f8fe6f15 - std::panicking::try::do_call::h8b2c97d4d3608274
[INFO] [stderr]                                  at /rustc/e6e4f7ed1589e03bc2f6c5931c1a72e7947e8682/library/std/src/panicking.rs:500:40
[INFO] [stderr]     29:     0x5604f8fe6f15 - std::panicking::try::hfa4cc536e097f1fe
[INFO] [stderr]                                  at /rustc/e6e4f7ed1589e03bc2f6c5931c1a72e7947e8682/library/std/src/panicking.rs:464:19
[INFO] [stderr]     30:     0x5604f8fe6f15 - std::panic::catch_unwind::ha3e2192625bb4844
[INFO] [stderr]                                  at /rustc/e6e4f7ed1589e03bc2f6c5931c1a72e7947e8682/library/std/src/panic.rs:142:14
[INFO] [stderr]     31:     0x5604f8fe6f15 - std::rt::lang_start_internal::hbd6687884d030770
[INFO] [stderr]                                  at /rustc/e6e4f7ed1589e03bc2f6c5931c1a72e7947e8682/library/std/src/rt.rs:148:20
[INFO] [stderr]     32:     0x5604f8facb17 - std::rt::lang_start::he69251a37f650316
[INFO] [stderr]     33:     0x5604f8fb9935 - main
[INFO] [stderr]     34:     0x7f30df086d90 - <unknown>
[INFO] [stderr]     35:     0x7f30df086e40 - __libc_start_main
[INFO] [stderr]     36:     0x5604f8fa4025 - _start
[INFO] [stderr]     37:                0x0 - <unknown>
[INFO] running `Command { std: "docker" "inspect" "15ec7b5225b28d6412493bbf28948c877ba74adc2595b9c34882277b0b5af830", kill_on_drop: false }`
[INFO] running `Command { std: "docker" "rm" "-f" "15ec7b5225b28d6412493bbf28948c877ba74adc2595b9c34882277b0b5af830", kill_on_drop: false }`
[INFO] [stdout] 15ec7b5225b28d6412493bbf28948c877ba74adc2595b9c34882277b0b5af830
